or of j and 7.
7
Let c be ((-20)/6)/(0 + (-5)/15). Let n = 240 + -130. What is the greatest common factor of c and n?
10
Suppose o + 21 = 87. Let l(d) = 36*d**2 - 2*d - 1. Let i be l(-1). Let y = i + -15. Calculate the highest common divisor of o and y.
22
Let t(c) = 25*c - 49*c + 0 + 27*c + 2. Let l be t(3). Calculate the greatest common factor of l and 33.
11
Suppose -20 = -3*i + 4*r, -3*i + 2*r + 22 = -0*r. Suppose 91 = 3*a - i. Suppose -4*v = -v - a. What is the highest common factor of 44 and v?
11
Suppose -3*c + 60 + 225 = 3*s, 2*c = 3*s - 290. Calculate the highest common divisor of 144 and s.
48
Let z(h) = -40*h - 78. Let g be z(-3). Calculate the greatest common factor of 399 and g.
21
Let w(i) = 2*i**2 + 5*i - 8. Let d be w(8). What is the greatest common factor of 20 and d?
20
Let c be (((-13)/2)/13)/(2/(-4)). Let w be ((-500)/12)/(c/(-3)). Calculate the highest common divisor of w and 25.
25
Let q(a) = a**2 - 19*a + 8. Let n be q(13). Let j be (-3130)/n + 2/7. Suppose 4*l = l + j. What is the highest common divisor of 3 and l?
3
Let v(u) = 4*u**3 - u**2 - u + 1. Let w be v(2). Let k(z) = 18 + 5*z - 9*z + 0*z. Let r be k(0). What is the greatest common factor of r and w?
9
Let y(w) = -w**3 - 4*w**2 + 7*w + 9. Suppose 6*p = 5*p - 2*k - 2, -4*k = 3*p + 10. Let z be y(p). Calculate the greatest common divisor of 13 and z.
13
Suppose 0 = -i - 3*i - 4. Let l(c) = 11*c**2 - c - 1. Let b be l(i). Let n be 262/8 - (-2)/8. What is the greatest common factor of n and b?
11
Suppose 7*f = 170 + 355. Let g = -38 - -53. What is the highest common divisor of g and f?
15
Suppose 5*m - 335 = 5*t, -3*t = 4*m - 440 + 144. Calculate the greatest common factor of 1775 and m.
71
Let l be 3/(-6) - (-54)/4. Let v(x) = -x**3 - 10*x**2 - 14*x - 6. Let r = -8 - 1. Let d be v(r). What is the highest common divisor of d and l?
13
Suppose -4*t - 5*j + 2199 = 0, 0 = -t + 2*j + 397 + 143. Calculate the highest common factor of 14 and t.
14
Let i(v) = -8*v**2 - 83*v - 13. Let f be i(-10). Calculate the greatest common divisor of f and 2.
1
Suppose u + 10 = 5*a, 28*a - 26*a - 4 = 3*u. Calculate the greatest common divisor of a and 50.
2
Let o = 25 - 60. Let t = -15 - o. Suppose 0*c = -2*c + 280. Calculate the highest common divisor of c and t.
20
Let w be (120/(-100))/((-6)/70). Suppose 0 = 7*s - 28 - w. Calculate the greatest common divisor of s and 24.
6
Suppose 0 = -5*y + 2*q + 4, -4*q = -2*y - y - 6. Suppose -w = -1 - y. Calculate the highest common divisor of 33 and w.
3
Let i(k) = -2*k + 6. Let b be i(-1). Calculate the greatest common factor of b and 232.
8
Let z(c) = -c**3 - 25*c**2 - 26*c + 12. Let h be z(-24). Calculate the highest common divisor of h and 588.
12
Let h be (-3 - 0)*(2 - 7/3). Suppose -5*f - 4 + 10 = -u, 4*f - 2*u = 6. Let t = 3 + f. What is the greatest common divisor of h and t?
1
Suppose -3*i = g, -2*i + i + g = -4. Calculate the greatest common factor of 239 and i.
1
Suppose 3*t + 236 = 4*m, m - 35 - 24 = 2*t. Let s = m + 4. Calculate the highest common factor of 7 and s.
7
Suppose n + n = 36. Let z = n + -13. Suppose -5*v = z*s - 25, -5*v + 2*v - 17 = -s. Calculate the highest common factor of 2 and s.
2
Let p(n) = -3*n**3 + n**2 - n - 1. Let s be p(-1). Suppose r = -r + s. Suppose q - r = -q. Calculate the greatest common factor of 2 and q.
1
Suppose -f + 1 = 3, 5*f - 1565 = -3*v. Calculate the greatest common divisor of v and 42.
21
Let f(v) = -5*v - 4. Suppose -d - 4*m - 17 = 0, -4*d + 3*m + 40 - 146 = 0. Let c = d - -22. Let n be f(c). What is the greatest common divisor of n and 11?
11
Let n = -73 - -35. Let h be (-1 - 2)*n - -2. Let a(l) = 10*l - 1. Let u be a(3). Calculate the highest common divisor of h and u.
29
Suppose -2*j = -82 - 0. What is the highest common factor of j and 451?
41
Let j(g) = -9*g - 11. Let p be (3 - 4 - -3)*-2. Let y be j(p). Calculate the highest common factor of y and 50.
25
Suppose -f + b = 2, 3*f - 2*b = 3 - 7. Suppose 2*g + 3*q = -7, 0 = 2*g - 5*g + q - 5. Let u be f - 4/g - 1. Calculate the highest common divisor of u and 9.
1
Suppose 6 = o + 2*r, 5*r + 10 = -4*o + 28. Suppose -3*n + 1450 = o*n. Let p = -195 + n. What is the highest common divisor of 19 and p?
19
Suppose 4*f - 2*f - 128 = 0. Suppose f = i + i. Let u be 1/(((-3)/i)/(-3)). Calculate the highest common divisor of u and 4.
4
Let d be (-11)/(-4) + 12/(-16). Suppose d*c = -2*c + 12. What is the greatest common divisor of c and 9?
3
Let k be (84/63)/((-12)/(-3483)). What is the highest common divisor of k and 9?
9
Suppose 151*u - 400 = -j + 153*u, -5*j = -4*u - 2000. What is the greatest common factor of j and 100?
100
Let i(q) = 3*q**2 - 5*q - 58. Let m be i(13). What is the greatest common divisor of 432 and m?
48
Suppose 32 = 4*l + 3*r, 4*l = r + 59 - 11. Let m be l + (-5 + 3 - 3). What is the greatest common divisor of m and 78?
6
Let q be (-2 - 1)/(1/(-8)). Suppose 0*w + w = q. Let x(z) = -z**2 + 5*z - 1. Let h be x(4). What is the highest common factor of h and w?
3
Suppose -2*d - 3*s + 372 = -0*s, -4*s + 196 = d. What is the highest common divisor of 72 and d?
36
Let s be (-4)/(-3)*18/4. Let t be 0 + 3 + s + 12. Let m be (-52)/(-3) - (-14)/t. Calculate the greatest common factor of 2 and m.
2
Suppose 5*c = g + 4*g + 25, 5*c - 19 = -g. Suppose -2*n + 8 = 0, o - c*n + 152 = 5*o. Calculate the greatest common divisor of 85 and o.
17
Suppose 52 - 172 = -8*r. Let b be 2*(-4)/36 + (-1626)/(-27). What is the highest common divisor of r and b?
15
Let u = 96 + -37. Let r = -35 + u. What is the greatest common factor of 36 and r?
12
Suppose 230*p - 5538 = 217*p. What is the highest common divisor of 6 and p?
6
Let c(v) = v**3 + 13*v**2 + 31*v + 62. Let q be c(-10). Let f(z) = 17*z**3 - 2*z**2 + 2*z - 2. Let y be f(2). Calculate the greatest common factor of q and y.
26
Suppose 5*f - v - 1018 = 0, -5*v + 4*v - 409 = -2*f. Calculate the greatest common divisor of f and 7.
7
Suppose 0 = -r + 7 + 4. Suppose -q = -5*z + 13, -2*q + 2*z + 3 = -r. Suppose -5*p = -3*p - 48. What is the highest common factor of p and q?
12
Let p(x) = 17*x**2 - 5*x + 13. Let y be p(-4). Calculate the highest common divisor of 5 and y.
5
Let p = -842 - -1217. Let d be p/(-50)*98/(-3). What is the greatest common divisor of d and 35?
35
Let v = 216 + -62. Calculate the highest common divisor of v and 22.
22
Suppose 0 = -1269*b + 1265*b + 32. Let n(v) = v**2 - 4*v + 4. Let x be n(3). Let i be -1*(-1 + (1 - x)). What is the highest common divisor of i and b?
1
Suppose -5*g - 29 = -0*g - w, -4*w = 4. Let y be 16/g*(-9)/4. Let f(b) = b - 2. Let k be f(4). Calculate the highest common factor of k and y.
2
Let p = -18 + 20. Suppose 3*u = -p*c + 18, 0 = 2*c - 3*c. Suppose 31 = -u*x + 133. What is the greatest common factor of x and 17?
17
Let l = -12 + 16. Let f(h) = -h**2 + 2 + 4*h**2 + l*h - h. Let m be f(-2). What is the greatest common factor of 2 and m?
2
Suppose -20*c = -19*c - 108. What is the greatest common divisor of 504 and c?
36
Let w be 2*(3 - 6/4). Suppose v - w = 133. What is the highest common divisor of 17 and v?
17
Let p = 307 - 216. Suppose 7 = -o + p. Let h = 141 + -120. Calculate the highest common factor of o and h.
21
Let n be ((-42)/4)/((-15)/(-20) - 1). Calculate the highest common divisor of n and 77.
7
Let y = 79 - 17. Let o = -107 - -138. Calculate the highest common factor of y and o.
31
Let w(y) = y**3 + 9*y**2 + 7*y - 7. Let k be w(-8). Let s = k - 2. Let v be -1 - s - (5 + -47). Calculate the greatest common divisor of v and 63.
21
Suppose 0 = 5*j - 10, -3*x + 4*j = -2*x - 62. Suppose -5*n = 10, -4*n = -5*h + x + 98. What is the greatest common divisor of h and 16?
16
Let c = 4595 + -3097. Calculate the highest common divisor of 14 and c.
14
Let j be ((-432)/(-72))/(((-1)/1)/(-36)). Calculate the highest common divisor of 81 and j.
27
Let r(q) = -q**3 - 5*q**2 - 9*q - 10. Let p be r(-5). Suppose -6*d - 4*d = -3850. What is the greatest common divisor of d and p?
35
Let h be 14*(-20)/(-70)*11/1. Calculate the greatest common factor of h and 143.
11
Let n = 52 + -40. Suppose -4*u - 22 = -h, -4*u + 0 = n. What is the highest common divisor of 20 and h?
10
Let p = 2759 - 2755. Let k = -2 - -5. Calculate the greatest common divisor of k and p.
1
Su